the hundreds digit of b?
3
Suppose -6*m = g - 6*g + 15618, -5*g + 15628 = -m. What is the tens digit of g?
2
Let t(c) = 2*c - 1. Let h be t(4). Suppose 6*q - 29 = h. Suppose y + 4*y - 2*v = 491, 0 = -2*v - q. What is the tens digit of y?
9
Let h(c) = c**3 - 17*c**2 + 30*c + 5. Let o be h(15). Suppose -3*m = -3*l - 3636, -o*m - 3*l + 6020 = -0*m. What is the units digit of m?
7
What is the hundreds digit of (-1 - 4)*(-5212)/10?
6
What is the tens digit of (-6 - 1) + ((-81249)/14)/((-27)/90)?
3
Suppose 1412 = -f + 3*f - 2*o, -3527 = -5*f + 4*o. Let j = f + -531. What is the units digit of j?
2
Suppose 5*g - 112 = -12. Suppose 0*k + 4*k = -x + 851, 4*x + g = 0. Suppose -4*v + 142 = -k. What is the tens digit of v?
8
Suppose 25 - 1 = -4*p. Let l(f) = 5*f + 5. Let o(g) = 21*g + 21. Let k(d) = p*o(d) + 22*l(d). What is the tens digit of k(-7)?
9
What is the hundreds digit of 1967 - 6/(((-4)/14)/(11/(-77)))?
9
What is the tens digit of 7 - (-8667 + (4 - 2))?
7
What is the thousands digit of (3137 - -29)/((-7)/(-28))?
2
Let j be 1099/(-3) - 8/(-6). Let f = 631 + j. What is the units digit of f?
6
Let j = 218 + -326. Let d = -106 - j. Suppose -5*b + 245 = -d*a + 4*a, -b + 76 = -5*a. What is the tens digit of b?
5
What is the hundreds digit of 4 + (-2 - -3) + 2513/7?
3
Let j(q) = q**2 + 22*q + 24. Let o be j(-21). Suppose -2*s + 4754 = 5*d, o*s + 8 = -1. What is the tens digit of d?
5
Let g = 77 + -45. Suppose -g = -19*k + 15*k. What is the units digit of k?
8
Let a be (-70)/(-3) - 3/9. Let d = 33 - a. Suppose 3*z - 226 = -d. What is the tens digit of z?
7
Let y = 135 + -88. Let c = -42 + y. Suppose -c*o - 1768 = -13*o. What is the tens digit of o?
2
Suppose 52 = x + 5*k, 4*k = 2*x - 24 - 10. Suppose 4*g + 290 - 990 = 0. Suppose 0 = -4*d - x + g. What is the tens digit of d?
3
Let w(h) be the third derivative of -h**5/30 - 7*h**4/24 + 17*h**3 - 14*h**2. What is the hundreds digit of w(0)?
1
Let u(b) be the third derivative of b**4/24 - 11*b**3/3 - 18*b**2. Let j be u(24). Suppose j*v - 11*v = -1062. What is the units digit of v?
8
Let b be ((-2)/5)/((-2)/(-100)). What is the tens digit of -3 + (-7808)/b - 12/(-20)?
8
What is the ten thousands digit of 59157/4 - (-129)/172?
1
Let r(y) = -2*y**3 - 20*y**2 + 92*y + 40. What is the hundreds digit of r(-17)?
5
Suppose 0 = -6*m + 10*m - 12. Suppose 0 = q + 5*o - 36, 0 = -3*q + 2*o + m*o + 8. Let n = 18 + q. What is the units digit of n?
9
Let l(x) = 47*x**2 + 36*x - 230. What is the thousands digit of l(9)?
3
Suppose -1 = -2*a - 3*u, -2*u + 4*u + 2 = 0. Suppose 3*b = -5*y + 4382 + 4387, -a*y - b = -3508. Suppose y = 15*r - 2*r. What is the tens digit of r?
3
Let k(v) = v**2 - 31 + 4*v - 47 - 35 + 95. Suppose 3 = a + 15. What is the tens digit of k(a)?
7
Let r(f) = 4*f**2 - 3*f + 1427. What is the tens digit of r(-28)?
4
Let s = 58 - 56. Suppose 0 = b - 0*r - 2*r - 13, 0 = -4*b - s*r + 12. Suppose -b = -3*d + 1. What is the units digit of d?
2
Let x(c) = 28*c**2 + c + 238. What is the tens digit of x(-14)?
1
Suppose -1234 + 212 = -2*q. Suppose -1022 = -2*f + 26*x - 29*x, f - 2*x = q. What is the hundreds digit of f?
5
Suppose -8 = -5*z + 17. Suppose 0 = 2*k + 4*t - 48, 0*k = 5*k + z*t - 145. What is the tens digit of k*(-3 + (-18)/(-4))?
5
Suppose -278*t = -276*t - 2344. Suppose 2*u + 210 = t. What is the hundreds digit of u?
4
Let y = -7139 + 13525. What is the tens digit of y?
8
Let a = -22132 - -40097. Suppose 31*r - 24877 = a. What is the hundreds digit of r?
3
Let g(n) = 10*n + 22. Let o be g(-10). Let m = o + 82. Suppose -t - 980 = -5*u, m*u - 800 = -0*u + 4*t. What is the tens digit of u?
9
Let s(o) = -o**3 + 28*o**2 + 38*o - 57. What is the units digit of s(22)?
3
Let p(m) = m**2 - 27*m + 146. Suppose 210 - 690 = -12*c. What is the hundreds digit of p(c)?
6
What is the tens digit of (16 + -16)*(-4)/(-24) + 5*1327?
3
Let f(b) = 3*b - 26. Let j be f(15). Suppose 15*g = j*g - 8. Suppose g*v + 6 = 0, -2*v + 240 = -d + 3*d. What is the tens digit of d?
2
What is the ten thousands digit of 377/26*-51*2/(-9)*102?
1
Suppose -4*n - 12 + 32 = 0, 5*p + 2*n = 290. Let c = 102 - p. Let h = 106 - c. What is the tens digit of h?
6
Let u be 2/(-5) + (-12)/(-5). Let d = -6479 + 2399. What is the units digit of u/(-11) - d/55?
4
Suppose 4*r - 10*o + 9*o = 11916, 3*o + 12 = 0. Suppose 7*x - r = 4113. What is the units digit of x?
3
Let x = 37 + -33. Suppose -2*f = 3*f + 25, x*p - 1236 = 4*f. What is the tens digit of p?
0
Let o = -19389 + 44007. What is the hundreds digit of o?
6
Suppose 13*l - 66 = -9*l. Suppose 5*k - l*g - 5532 = 0, 2*k - g = 2740 - 528. What is the hundreds digit of k?
1
Let v be (-4*(-6)/1)/(30/345). What is the tens digit of (5/((-75)/v))/((-26)/65)?
4
Suppose -z + 0*z - 4*n = 50, 0 = 3*z - 5*n + 116. Let y = z - -152. Suppose 6*p - y = 106. What is the tens digit of p?
3
Suppose -3752 = -17*g + 55442. What is the units digit of g?
2
Let q be (-117)/(11 - -2) - -8. Suppose -c + 174 = 2*c. What is the tens digit of q*(2 + c*-2)?
1
What is the ten thousands digit of (-2)/(-15) + 99892335/5175?
1
Let h(f) be the second derivative of f**5/20 - f**4/3 + 7*f**3/6 - 6*f**2 + 23*f + 2. What is the units digit of h(6)?
2
Let z(t) = 8371*t**2 - 505*t - 1014. What is the tens digit of z(-2)?
8
What is the units digit of (((-12)/30)/1)/(12/15)*-5688?
4
Suppose -3*o = u - 0*o - 379, -3*u + 4*o = -1137. Suppose 2*b = p + 689, -5*b - 5*p = -2094 + u. What is the hundreds digit of b?
3
Let w = -150 + 10161. What is the hundreds digit of w?
0
Let w(d) = d + 5. Let t be w(-2). Suppose -7*y + 400 = -t*y. Suppose -y = 8*s - 820. What is the tens digit of s?
9
Let n(i) = 1229*i**2 - 8*i - 8. Let f be n(-1). Suppose 0 = 3*y + 3*c - f + 302, 0 = c. What is the hundreds digit of y?
3
What is the thousands digit of 0*(-11 + 384/36) - -49017?
9
Let c(m) = -5*m**2 + m - 7. Let b be c(9). Let w = 601 + b. What is the hundreds digit of w?
1
Suppose -2*y - 2*q = -8, -y = -3*y + q + 11. Let m be 0/(-6 - -1) + y. Suppose s - m*s = -k + 191, k - 216 = -s. What is the units digit of k?
1
Suppose 0 = 1856*a - 1862*a + 81114. What is the ten thousands digit of a?
1
Let y(i) = i**2 - 30*i + 8. Let m be y(-16). Let a = m - 348. What is the units digit of a?
6
Suppose 0*u - 3*s = -5*u + 327, 5*s = -4*u + 232. Let h(k) = k**2 - k - 11. Let m be h(4). Suppose u = 2*f + m. What is the tens digit of f?
3
Let j = 834 + -798. Suppose -4172 = j*z - 22604. What is the hundreds digit of z?
5
Suppose -q = -4*h + 26536, -147*q + 142*q = 3*h - 19902. What is the hundreds digit of h?
6
Let p = -1865 + 3773. Suppose -555*r + p = -549*r. What is the hundreds digit of r?
3
Let j(m) = 8*m**2 + 218*m**2 + 71*m**2 + 41 - 42. What is the units digit of j(-1)?
6
Let d(r) = 818*r - 555. What is the tens digit of d(2)?
8
Suppose 0 = -5*z - 4225 + 17065. What is the tens digit of z?
6
Let i = -6 - -13. Let h be (2/5)/((-1)/(-260)). Suppose i*n = 6*n + h. What is the units digit of n?
4
Let k(j) = -j**3 + 16*j**2 - 14*j - 11. Let u be k(15). Let t(v) be the second derivative of 2*v**4/3 - v**3/2 - v**2/2 + 35*v. What is the tens digit of t(u)?
1
Let b = -230 - 256. Let x = b - -992. What is the tens digit of x?
0
Let s(h) = h**2 - 5*h + 3. Let q be s(7). Let r = -17 + q. Suppose -4*l = -d - l + 14, l - 4 = r. What is the units digit of d?
6
Let y = 7 - 5. Let c(b) be the second derivative of b**5/2 + b**4/12 - b**3/2 + b**2 - 207*b. What is the units digit of c(y)?
0
Suppose 0 = 5*g + 5*f + 110, -3*g + 4*f - 57 = 30. Let z(n) = -30*n - 140. What is the units digit of z(g)?
0
Let n = 22 - -20. Suppose -m + n = 40. Suppose 2*y - 3*d - m*d = 158, y = -4*d + 53. What is the tens digit of y?
6
Let y = -46 - -50. Let c be 733/4 - y/16. Let w = -72 + c. What is the hundreds digit of w?
1
Suppose -14216 = -24*c + 7816. What is the hundreds digit of c?
9
Suppose -40*z + 29339 - 1419 = 0. What is the units digit of z?
8
Let y(f) = -15*f + 197. Let p(s) = 3*s - 7. Let n be p(-5). What is the units digit of y(n)?
7
Suppose 3*y - y = -b - 204, 216 = -2*y + 5*b. Let x = y + 99. What is the tens digit of (-9303)/(-63) - (2 - x/(-3))?
4
Let x(y) = 9*y - 980. Let c be x(0). Let v = -573 - c. What is the units digit of v?
7
Let w(c) = -4*c + 24. Let f(q) = q**3 - 7*q - 8*q**